s of 1166089601?
113, 211, 48907
List the prime factors of 58229734.
2, 1543, 18869
What are the prime factors of 22148529?
3, 13, 151, 3761
List the prime factors of 35285555.
5, 271, 26041
What are the prime factors of 367926840?
2, 3, 5, 101, 3373
What are the prime factors of 96753152?
2, 101, 1871
What are the prime factors of 62544419?
7, 8934917
List the prime factors of 137338290.
2, 3, 5, 23, 66347
What are the prime factors of 19969663?
7, 2852809
What are the prime factors of 28191796?
2, 2053, 3433
What are the prime factors of 106488227?
3433, 31019
What are the prime factors of 384293544?
2, 3, 19, 37, 22777
What are the prime factors of 45102405?
3, 5, 3006827
What are the prime factors of 1206856?
2, 7, 23, 937
What are the prime factors of 9241277?
19, 41, 11863
List the prime factors of 159981798.
2, 3, 17, 1568449
List the prime factors of 173197504.
2, 2706211
What are the prime factors of 227349880?
2, 5, 641, 8867
What are the prime factors of 424550112?
2, 3, 7, 17, 5309
List the prime factors of 3486018539.
23417, 148867
What are the prime factors of 780900008?
2, 7, 67, 208129
What are the prime factors of 12436338?
2, 3, 79, 26237
What are the prime factors of 6652360115?
5, 151, 2063, 4271
List the prime factors of 2928509865.
3, 5, 2339, 27823
What are the prime factors of 5681947056?
2, 3, 118373897
What are the prime factors of 187235076?
2, 3, 7, 17, 18731
List the prime factors of 1076722169.
983, 1095343
What are the prime factors of 457121416?
2, 103, 554759
What are the prime factors of 525451304?
2, 7, 191491
What are the prime factors of 208011086?
2, 1289, 80687
List the prime factors of 64155787.
64155787
List the prime factors of 6332697180.
2, 3, 5, 23, 509879
List the prime factors of 701079747.
3, 557, 419557
List the prime factors of 2906820665.
5, 7, 41, 2025659
List the prime factors of 683606660.
2, 5, 11, 3107303
What are the prime factors of 1956590534?
2, 1553, 629939
List the prime factors of 1471105509.
3, 490368503
What are the prime factors of 1163910941?
1163910941
What are the prime factors of 39244493?
39244493
What are the prime factors of 147147521?
3371, 43651
What are the prime factors of 5358096552?
2, 3, 3851, 57973
What are the prime factors of 820089643?
820089643
List the prime factors of 26146939.
7, 13, 41047
List the prime factors of 4026485.
5, 805297
List the prime factors of 66041928.
2, 3, 71, 12919
List the prime factors of 46679242.
2, 31, 752891
What are the prime factors of 27681311?
7, 3954473
List the prime factors of 187202881.
379, 493939
What are the prime factors of 27347093?
61, 448313
What are the prime factors of 2142542450?
2, 5, 197, 217517
List the prime factors of 44239982.
2, 911, 24281
What are the prime factors of 324777032?
2, 19, 29, 73679
What are the prime factors of 560976287?
1831, 306377
What are the prime factors of 2739803048?
2, 5419, 63199
What are the prime factors of 63695220?
2, 3, 5, 19, 59, 947
List the prime factors of 387220312.
2, 48402539
List the prime factors of 226350866.
2, 7, 23, 401, 1753
What are the prime factors of 477029664?
2, 3, 1283, 1291
List the prime factors of 1793991539.
1793991539
List the prime factors of 2859638138.
2, 7, 29179981
What are the prime factors of 88794073?
88794073
List the prime factors of 2324087.
17, 136711
What are the prime factors of 64330481?
64330481
List the prime factors of 178786539.
3, 313, 63467
What are the prime factors of 661569689?
11, 60142699
List the prime factors of 135841287.
3, 31, 431, 3389
What are the prime factors of 2959420137?
3, 986473379
What are the prime factors of 1056235597?
443, 2384279
What are the prime factors of 4968874066?
2, 13, 191110541
What are the prime factors of 1218535179?
3, 6277, 64709
List the prime factors of 209751781.
209751781
What are the prime factors of 2577070131?
3, 857, 1002361
List the prime factors of 118419143.
2089, 56687
List the prime factors of 6070038314.
2, 29, 104655833
What are the prime factors of 30785716?
2, 13, 45541
List the prime factors of 544025585.
5, 17, 1129, 5669
What are the prime factors of 4149524023?
41, 103, 593, 1657
List the prime factors of 232072273.
3253, 71341
List the prime factors of 370857028.
2, 223, 415759
What are the prime factors of 460295931?
3, 1181, 129917
What are the prime factors of 664641741?
3, 17, 23, 566617
What are the prime factors of 37793157?
3, 2267, 5557
List the prime factors of 990737953.
23071, 42943
What are the prime factors of 22316943?
3, 11, 599, 1129
List the prime factors of 2741223938.
2, 1370611969
What are the prime factors of 415836458?
2, 23, 9039923
What are the prime factors of 42645961?
42645961
List the prime factors of 40965793.
11, 71, 52453
List the prime factors of 95979986.
2, 1999, 24007
What are the prime factors of 1827872449?
13, 140605573
List the prime factors of 2572007627.
7, 3511, 104651
List the prime factors of 1200107090.
2, 5, 7, 13, 53, 149, 167
What are the prime factors of 159917631?
3, 71, 750787
List the prime factors of 42363037.
42363037
What are the prime factors of 398705675?
5, 17, 43, 21817
What are the prime factors of 13495141?
11, 1226831
List the prime factors of 7913547.
3, 879283
What are the prime factors of 4262683?
4262683
List the prime factors of 7777522.
2, 3888761
List the prime factors of 850117283.
17, 23, 94531
What are the prime factors of 217560069?
3, 24173341
What are the prime factors of 45774635?
5, 9154927
List the prime factors of 54683034.
2, 3, 7, 443, 2939
What are the prime factors of 4819030382?
2, 19, 43, 2949223
List the prime factors of 38677434.
2, 3, 6446239
What are the prime factors of 2170109819?
2170109819
What are the prime factors of 30111355?
5, 6022271
What are the prime factors of 553854692?
2, 439, 315407
List the prime factors of 4267791859.
463, 1987, 4639
List the prime factors of 196107626.
2, 11, 13, 19, 151, 239
What are the prime factors of 931647299?
11, 9203
What are the prime factors of 4008267758?
2, 11, 3833, 47533
What are the prime factors of 19862503?
677, 29339
What are the prime factors of 102185341?
907, 112663
What are the prime factors of 71192385?
3, 5, 11, 191, 251
What are the prime factors of 3349527?
3, 17, 65677
What are the prime factors of 104174896?
2, 7, 43, 97, 223
List the prime factors of 65554477.
359, 182603
What are the prime factors of 45307941?
3, 7, 17, 126913
What are the prime factors of 68281902?
2, 3, 13, 31, 9413
List the prime factors of 207052422.
2, 3, 61, 283, 1999
List the prime factors of 13590251.
61, 222791
What are the prime factors of 4545006?
2, 3, 37, 59, 347
List the prime factors of 127182723.
3, 353, 120097
What are the prime factors of 644374143?
3, 7, 3409387
What are the prime factors of 26992101?
3, 1151, 7817
List the prime factors of 1316500109.
61, 21581969
List the prime factors of 36487011.
3, 11, 19, 58193
List the prime factors of 167480696.
2, 20935087
List the prime factors of 365613168.
2, 3, 1009, 7549
What are the prime factors of 12211738?
2, 7, 11, 179, 443
What are the prime factors of 63230101?
11, 1627, 3533
What are the prime factors of 26763418?
2, 11, 67, 271
List the prime factors of 4050302278.
2, 11, 61, 131, 23039
What are the prime factors of 663390549?
3, 419, 175919
What are the prime factors of 85427067?
3, 11, 41, 103, 613
List the prime factors of 7778237.
7778237
What are the prime factors of 782899458?
2, 3, 11, 2371, 5003
What are the prime factors of 4004682584?
2, 7, 59, 347, 499
List the prime factors of 118135050.
2, 3, 5, 11, 71597
What are the prime factors of 37697044?
2, 7, 11, 122393
List the prime factors of 151716678.
2, 3, 593, 42641
What are the prime factors of 860205570?
2, 3, 5, 7, 661, 6197
List the prime factors of 659374583.
7, 94196369
What are the prime factors of 365814294?
2, 3, 29, 71, 29611
List the prime factors of 21329347.
13, 1153, 1423
List the prime factors of 1423533924.
2, 3, 39542609
List the prime factors of 710274183.
3, 191, 199, 6229
List the prime factors of 45761983.
31, 1476193
List the prime factors of 13674402.
2, 3, 7, 41, 2647
What are the prime factors of 124738392?
2, 3, 1283, 4051
List the prime factors of 54095459.
11, 523, 9403
List the prime